ivative of j**5/60 - j**4/8 - j**3/6 + j**2. What is c(m)?
-1
Let o(y) = -2*y**2 - 5*y - 2. Let i be o(-2). Let k(n) be the second derivative of -1/6*n**3 - 5/12*n**4 + 1/20*n**5 + i + 3*n - 1/2*n**2. Give k(5).
-6
Let p(a) = -21*a**2 - 5*a. Let v(m) = -10*m**2 - 2*m. Let y(s) = -2*p(s) + 5*v(s). Determine y(-1).
-8
Let j(v) = -2*v + 7. Let b(u) = -3 + 3*u**2 - 8*u**2 - u**3 - 6*u - u**2. Let p be b(-5). Suppose p*a - a - 2 = -3*i, -a = 4*i - 1. Calculate j(a).
-3
Suppose -5*n - 18 = 62. Let s = n + 19. Let f(x) = x**2 - 4*x + 1. Calculate f(s).
-2
Let l(a) = -a - 5. Suppose 15 = -0*f + 5*f. Suppose -f = w - g, -g - g = w + 12. Give l(w).
1
Let o(i) = i**3 - 5*i**2 + 4*i - 1. Let f be o(3). Let v(h) = h + 7. What is v(f)?
0
Let z = -139/2 - -71. Let k(j) be the first derivative of -1/3*j**3 + 3*j - z*j**2 + 1. What is k(-5)?
-7
Let k(r) be the first derivative of -r**2/2 + 6*r - 1. Suppose -2*x = -s - 9, 0*x - 28 = 2*s + x. Let w = -9 - s. Give k(w).
2
Let d(c) = -c**2 + 0*c**2 - 4*c + 4 - 3. Suppose -2*f = -3 + 11. Let w be -6*(-2)/f*1. What is d(w)?
4
Let l be 1/2*(3 + -5). Let m be (0/(-3))/(2*l). Let b(y) = m + 3 + 0*y + y. Calculate b(-5).
-2
Let y(l) be the second derivative of l**5/20 - l**4/3 + l**3/2 - 2*l**2 + 2*l. Let n(u) = u + 4. Let r be n(0). Suppose 2*h = 3*h - r. Calculate y(h).
8
Let i(m) = -8*m - 9. Let c(g) = 7*g + 8. Let w(p) = -6*c(p) - 5*i(p). Give w(-2).
1
Let u(p) be the third derivative of p**6/30 + p**5/60 + 5*p**4/24 - p**3/2 - p**2. Let i(o) = 3*o**3 + 5*o - 2. Let q(w) = 5*i(w) - 4*u(w). Determine q(-5).
2
Let m(j) = j**2 + j**3 - 2*j - 6 + 0*j**3 + 4 + 4. Determine m(2).
10
Let f be 0/((4/3)/((-28)/42)). Let o(w) = 3*w - 21. Let s(q) = q - 10. Let v(u) = -2*o(u) + 5*s(u). Determine v(f).
-8
Let p = 695/8 - 260/3. Let l(v) be the third derivative of 0*v + 1/60*v**5 + p*v**4 + 1/2*v**3 - 2*v**2 + 0. Give l(-3).
-3
Let n(t) = -38 - 4*t + 0*t + 36. Calculate n(-2).
6
Let x(q) = 6*q**2 + 4*q - 2 + 4 - q**3 - 3*q. Suppose 0 = -4*w + 3*w - 2*m + 8, 4*w + 5*m = 29. What is x(w)?
8
Let o(v) = 3*v**3 + 2*v**2 - v - 2. Let w(m) = -m**3 + 6*m**2 + 2*m + 1. Let s be w(6). Let n = s - 15. Give o(n).
-16
Let j(a) = 21*a**3 - 5*a**2 + 3*a - 3. Let b(x) = 10*x**3 - 2*x**2 + x - 1. Suppose -4*q - 2 + 10 = 0. Let u(g) = q*j(g) - 5*b(g). Give u(1).
-8
Let s(k) be the third derivative of -k**5/60 - k**4/24 - 5*k**3/3 - 13*k**2. Let v = -1 - -1. Calculate s(v).
-10
Let z(u) be the second derivative of -2*u**3/3 - 5*u**2/2 + 22*u. Determine z(5).
-25
Let y(i) = -5*i**3 + 4*i**2 + 8*i + 9. Let g(h) = 14*h**3 - 12*h**2 - 23*h - 26. Let u(v) = -6*g(v) - 17*y(v). Determine u(-4).
-5
Let x(h) = h**2 + 2*h - 3. Suppose -2*f = -2 - 4. Suppose 9 = -f*p - 3. Give x(p).
5
Let a(y) = 13*y**3 - 10*y**2 + 8*y - 11. Let v(r) = 7*r**3 - 5*r**2 + 4*r - 6. Let l(n) = -5*n**3 - n**2. Let g be l(1). Let k(h) = g*a(h) + 11*v(h). Give k(3).
6
Let r(k) be the first derivative of k**3/3 + k**2/2 - 4*k - 12. Calculate r(-4).
8
Let x = 0 + -2. Suppose -2 = n - 2*n. Let f(p) = 0 + p + n - 3*p. Determine f(x).
6
Suppose 16 = 2*p + 2*p. Suppose -p*w + 2*w = -2. Let m be ((-2)/w - -1) + -2. Let y(r) = -r. Calculate y(m).
3
Let d(w) = w**3 - 7*w**2 + 8*w - 3. Suppose 0*z = 2*z - 3*q - 15, -2*z + q = -13. Calculate d(z).
9
Let s(b) be the first derivative of b**2/2 + 6*b - 7. Determine s(5).
11
Suppose -3*z = -3 - 6. Suppose 8 = z*c - c. Suppose -c*h = 3 - 19. Let x(t) = -t**2 + 4*t - 2. Give x(h).
-2
Let r(o) = 2*o - 2. Let g(q) = q**3 + 3*q + 2. Let s(x) = -g(x) + r(x). Let u(p) = -p**3 - 5*p**2 + 7*p + 7. Let w be u(-6). Let j = w - 1. Give s(j).
-4
Let o(h) = -h**2 - 5*h + 3. Let r be 73/5 - 4/(-10). Let s = r - 21. Give o(s).
-3
Let j(w) = 4*w + 4. Let x(m) = m + 5. Let i(v) = -v - 5. Let c(f) = 4*i(f) + 3*x(f). Let b be c(5). Let d be (6/b - 0)*5. Give j(d).
-8
Let n(f) = f**2. Let q(t) = 5*t**2 - 8*t + 3. Let a(g) = 3*n(g) - q(g). Give a(5).
-13
Let d be (-72)/(-126)*7/2. Let m(f) = -5 + f + 3 + 3. What is m(d)?
3
Let h(l) = -l + 3. Let f be h(-3). Let j(o) = 3 - 5*o + f*o + 0*o. Let g be (-8 + -2)*(-2)/(-5). Give j(g).
-1
Let d(f) = -3 + f + 7 + 3*f - 3. Calculate d(-1).
-3
Let d(o) = -9*o**2 + 3*o + 9. Let v(z) = 4*z**2 - 2*z - 5. Let r(s) = 3*d(s) + 7*v(s). Let y = 4 - -2. Give r(y).
-2
Let z(v) be the first derivative of -8*v - 7/3*v**3 + 4*v**2 + 1/4*v**4 + 1. What is z(6)?
4
Let v(u) = -3*u**2. Let z(m) = 7*m**2 - m. Let k(h) = -9*v(h) - 4*z(h). Give k(3).
3
Let g = 11 - 9. Let l = g - 3. Let m(t) = -12*t**3 + 2*t**2 - 1. Give m(l).
13
Suppose 2*w - 3*u - u - 16 = 0, 2*w = -4*u - 16. Let y(k) = -4*k + 5 + w*k**2 + k**2 + 0. Let l be 120/28 - 2/7. Give y(l).
5
Let l(h) = -6*h + 3. Let a(b) = -8*b + 4. Let t(y) = -4*a(y) + 5*l(y). What is t(-4)?
-9
Suppose -f + 2 = -2*f. Let o be (-1)/f*6*-1. Let h(w) = -w + 1. What is h(o)?
4
Let y(c) = -c**3 + 1 - 4 - 4*c - 2*c - 6*c**2. Let m(o) = o + 4. Let i be m(-9). Give y(i).
2
Let w(b) = -5 + 2 + 5 - 4 - b. Calculate w(4).
-6
Let v(m) = -4*m**2 - 4*m. Let j(n) = -7*n**2 - 7*n. Let r(b) = -3*j(b) + 5*v(b). Determine r(0).
0
Let q be 1 + ((0/(-3))/4)/(-2). Let l(n) be the third derivative of -n**6/20 + n**5/30 - n**4/24 - n**2. Calculate l(q).
-5
Let g(k) = -k**2 + 3*k. Let v be 312/54 - 2/(-9). Suppose 0*j = 3*j - v. Determine g(j).
2
Let z(s) = -3*s + 1. Let y(r) be the first derivative of r**4/4 - 8*r**3/3 + 5*r - 2. Let l be y(8). Suppose 5*t = -l - 0. Calculate z(t).
4
Let k(n) = n**3 + 5*n**2 + 3*n. Let a be k(-2). Suppose 2*f + a - 2 = 0. Let r be (2 - -2) + f + 2. Let j(v) = v - 2. Give j(r).
2
Let j be 12/(-20) - 46/(-10). Let m(b) = -3 + j*b + 3 - 3*b. Calculate m(4).
4
Let p(o) = o**3 - 2*o**2 - 2*o + 1. Suppose 4*d - d = -q - 8, -d - 4*q = -12. Let w be ((-3)/(-1))/(-1) - d. Let u be 0 + 2 + (w - 1). Calculate p(u).
-3
Let v(z) = 0 + z**2 + 0 + 5*z - 3. Let d(w) = -2*w**3 + 4*w**2 - 2*w - 1. Let f be d(2). Let l be v(f). Let b(u) = u + 4. Calculate b(l).
1
Suppose 2*v + 0*v + 3 = 3*s, 2*v + 4 = 4*s. Let b(z) be the second derivative of -z**3/3 + z**2/2 + 2*z. What is b(s)?
-1
Suppose 6*u + 48 = -2*u. Let n(g) = g**3 + 5*g**2 - 5*g - 2. Determine n(u).
-8
Let r(w) be the third derivative of -w**8/6720 - w**7/2520 + w**6/720 + w**5/60 + w**4/24 - w**2. Let g(a) be the second derivative of r(a). Determine g(-2).
4
Let f = 259/12 - 43/2. Let v(u) be the second derivative of f*u**4 - u + 0 + 5/6*u**3 - 7/2*u**2. What is v(-5)?
-7
Let c(w) = -w + 7. Suppose -63 = -x - 2*x + 5*v, 95 = 5*x - 5*v. Suppose 4*m + 4*y - x = 0, 3*y - 2 + 38 = 5*m. Give c(m).
1
Let v(o) = 2*o**3 + 9*o**2 + 3*o + 4. Let c(y) = y**3 + 8*y**2 + 2*y + 3. Let k(j) = 3*c(j) - 2*v(j). Let m = 7 + -1. Give k(m).
1
Let h(w) = w + 1. Let b(o) = 3*o + 25. Let q be b(-6). Calculate h(q).
8
Let z(g) = -g**3 + 4*g**2 - 2*g + 2. Let b(m) be the third derivative of -m**5/60 + m**4/4 + 5*m**3/3 + 2*m**2. Let r be b(7). Give z(r).
5
Let k(w) = -w**3 + 5*w**2 - 3*w - 1. Let x = 10 + -6. Give k(x).
3
Let v(c) = 2*c**2 - 12*c + 12. Let j(d) = -d**2 + 6*d - 6. Let p(s) = 11*j(s) + 6*v(s). Determine p(5).
1
Let q = 61 - 59. Let o(u) = 6*u - 2. Give o(q).
10
Let b(c) = 0*c**2 + 4 - 2 - 3*c**2 - c. Let j(l) = 2*l - 2. Let w be j(0). Determine b(w).
-8
Let h(q) = -q - 4. Let t be (72/20 - 3)*5. Suppose 0 = -3*x - 9 - t. Determine h(x).
0
Suppose 1 = -4*c + 3*w + 2, -w + 1 = 0. Let h(p) = 4*p**2 - 6*p**2 - 3*p**2 - c. Suppose -2*m - 1 = 1. Determine h(m).
-6
Let z(c) be the third derivative of c**4/24 + c**3 - 10*c**2. Determine z(-3).
3
Let u be 0 - ((-3 - 0) + -2). Let b(p) = p - 2. What is b(u)?
3
Suppose 0 = 2*n - 8. Suppose 8*g = n*g. Let b(k) = -k + 1. Determine b(g).
1
Suppose 3*s = -s - 5*h - 8, 2*h = -5*s + 7. Let o(i) = -8*i**2 + 6*i - 1 - 6*i - i**s - 8*i. Determine o(-7).
6
Let y(t) = 8*t - 1. Let i be 1/2*(-3 + 5). Give y(i).
7
Let j(b) = -38 - 2*b + 31 + 0*b + 4*b. Suppose 4*w = -q + 13, 0*w - 5 = -3*q + 5*w. Determine j(q).
3
Let o(g) = -g**3 - 3*g**2 - 3*g - 3. Let f(r) = r**2 + 1. Let x be f(3). Let l = -4 - -7. Let b be (x/(-15))/(1/l). Calculate o(b).
-1
Let z(l) = -621 + 628 - l**2 + 0*l**2 + 7*l. Give z(7).
7
Let o(l) = l**3 + 12*l**2 - 12*l + 16. Let z be o(-13). Let r(i) = -4 + 3*i + 0*i**2 + i**2 + z*i. What is r(-4)?
-12
Let k(b) 